*r. Let l = -155 + i. List the prime factors of l.
5, 37
Let l(o) = 6 + 0 - 3 - 6*o - 5 - o**2. Let z(r) = r**3 + 10*r**2 + 8*r - 13. Let m be z(-9). List the prime factors of l(m).
2, 3
Suppose 256 - 246 = 2*z, 45107 = 3*p + z. List the prime factors of p.
2, 7517
What are the prime factors of 84366*((-38)/(-96) - 3/48)?
2, 3, 43, 109
Let m(n) = 4*n**2 + 99*n + 11. List the prime factors of m(-62).
3, 3083
Suppose -92*q + 95*q + b - 23187 = 0, 0 = -2*q - b + 15460. What are the prime factors of q?
7727
Suppose -26*s - 29095 + 143339 = 0. List the prime factors of s.
2, 13
Let a(g) = 746*g**2 + 19*g - 47. List the prime factors of a(2).
5, 7, 17
Let y = -3635 - -6707. Suppose 3*g + 4*o - y + 70 = 0, -2*o = -5*g + 4986. List the prime factors of g.
2, 499
Let l(i) be the third derivative of -5*i**2 - 3/2*i**3 + 0 + 0*i - 41/12*i**4. List the prime factors of l(-2).
5, 31
Let r(x) be the third derivative of -5*x**4 - 3*x**3 + 15*x**2 - x. What are the prime factors of r(-3)?
2, 3, 19
Suppose 227*f - 231*f = -564. Let t = 890 - f. What are the prime factors of t?
7, 107
Let s = 2034 - 2030. Let x(v) = -6 + 6*v**2 + 6*v + 8*v**2 + 0*v. List the prime factors of x(s).
2, 11
Let g(z) = 8*z**2 + 8*z + 21. Let x be g(-6). Let b = -183 + x. Suppose 4*l = 7*l - b. What are the prime factors of l?
2, 13
Let u = -86 + 329. Let i be (-5)/10*0/2. Suppose -2*s - s + u = i. List the prime factors of s.
3
Let f(i) = 9143*i**2 + 180*i - 179. What are the prime factors of f(1)?
2, 3, 127
Suppose 7 = i - 2. Suppose i*h + 9 = 12*h. Suppose -v = p + 2*v - 73, -5*p + h*v = -419. List the prime factors of p.
2, 41
Suppose 661*i - 666*i = -21245. What are the prime factors of i?
7, 607
Let s(i) = i**3 + 3*i**2 - 3*i + 2. Let a be s(5). Suppose 10*n + 496 = -274. Let c = n + a. What are the prime factors of c?
2, 5, 11
Let w be 3 - 0/(-1) - (-34 - -33). Suppose -5*i + i - w*g + 544 = 0, -3*i + 400 = -g. Let o = i + -77. List the prime factors of o.
3, 19
Let h be 9/(-36) - (-50)/8. Suppose h*s - 369 - 651 = 0. Suppose 428 = p + s. List the prime factors of p.
2, 3, 43
Let p = 4427 + -2447. List the prime factors of p.
2, 3, 5, 11
Let m be (-2)/(10/(-305)) + 3 + -4. Suppose 5*k - 573 = t, -2*k + 5*t + 243 = -0*k. Let g = k - m. What are the prime factors of g?
2, 3
Suppose 4*s - 110488 = -4*a, -382*s + 377*s - 55188 = -2*a. What are the prime factors of a?
2, 13807
What are the prime factors of 105 - 93 - (-481 + -1)?
2, 13, 19
Suppose -2*d + 25 = -d + 3*t, -2*t = 2*d - 30. Let j be 5*-1*d/(-25). What are the prime factors of ((-1)/3)/(j/(-198))?
3, 11
Let p(g) = 318*g + 590. List the prime factors of p(3).
2, 193
Let a(c) = 17*c**3 + 2*c**2 - c + 4195. What are the prime factors of a(0)?
5, 839
Suppose -62*u + 58*u - g + 23076 = 0, 0 = -3*u + 2*g + 17318. List the prime factors of u.
2, 5, 577
Let j(k) = 6*k + 21. Let o be j(-4). Let g be 1/6*1652 - 2/o. Suppose -6*z + 4*z = -g. List the prime factors of z.
2, 3, 23
Let s(q) = -q**3 - 24*q**2 - 122*q - 273. What are the prime factors of s(-26)?
3, 13, 109
Suppose -12*v + 44 = -16. Suppose 0*p - 5*p = -25, -5*r - 2*p = -v. What are the prime factors of 0 - (-43 - r) - (0 - 1)?
43
Suppose -308*t - 138 = -310*t. Let k = t - 27. List the prime factors of k.
2, 3, 7
What are the prime factors of (3 + 0)*63/27 + 7725?
2, 1933
Let n(f) be the second derivative of 1/12*f**4 + 3*f + 7/3*f**3 + 0 + 4*f**2 - 1/20*f**5. What are the prime factors of n(-5)?
2, 11
Let i be 3/(-3 + (-66)/(-21)). Suppose i*r + 2688 = 33*r. What are the prime factors of r?
2, 7
List the prime factors of ((-34)/(-84) - (992/168 + -6))*90058.
37, 1217
Let x(l) = -72*l - 36. Let a(z) = -z**3 - 3*z**2 + 12*z + 3. Let h be a(3). Let f(u) = 2*u + 27. Let b be f(h). What are the prime factors of x(b)?
2, 3, 5
Suppose 78*s - 75*s - 2*t = 127, -4*s - 5*t + 154 = 0. Suppose s*i + 3384 = 47*i. What are the prime factors of i?
2, 3, 47
Suppose 3*p + 2 = -f + 15, 0 = 4*f + 2*p - 22. Suppose 2*l = i - 47 + 10, 0 = 4*i + 2*l - 118. Suppose i - 207 = -f*d. List the prime factors of d.
2, 11
Let l = -128506 - -188019. What are the prime factors of l?
59513
Let n(t) = -t**2 - 24*t + 112. Let l be n(-28). Suppose l = 5*b - 5*z - 1215, -z - 960 = 2*b - 6*b. List the prime factors of b.
239
List the prime factors of -5 + (-3 - 40848/(-8) - (-2 - 2)).
2, 2551
Let q be -1 - (0 + 1 - 32). Suppose 10*n - 273 = 9*n. Let y = n - q. List the prime factors of y.
3
Suppose -4*t + 76271 - 20059 = 4*b, 0 = 2*b + 12. What are the prime factors of t?
17, 827
Let a be (-1 - 1 - -4) + 494. Let r = a - 51. What are the prime factors of r?
5, 89
Let d(u) = -2*u**3 - 27*u**2 - 11*u + 28. Let v be d(-13). Suppose v*b = -4*f + 730, -2*f + 3*b + 907 = 3*f. What are the prime factors of f?
2, 7, 13
Let z be (11/2 - 6)*-26. Suppose 1806 = 8*v + z*v. List the prime factors of v.
2, 43
Let y = -5427 + 6100. List the prime factors of y.
673
Suppose -10*a = -18372 + 7432. What are the prime factors of a?
2, 547
Let h(y) = 5*y - 5. Let b be h(-1). List the prime factors of 24/b*780/(-18).
2, 13
Suppose -3 = 6*i - 15. Suppose -m = -2*m - u + 472, -4*m - i*u = -1884. List the prime factors of m.
2, 5, 47
Let h(l) = -61*l - 363. Let r(t) = -30*t + 310. Let n be r(11). List the prime factors of h(n).
857
Let p(w) = 1339*w**2 + 89*w - 149. What are the prime factors of p(6)?
48589
Let r(g) = -1120*g - 7151. What are the prime factors of r(-24)?
109, 181
Let a(c) = 3*c**3 + 3*c**2 - 4*c + 5. Let o be a(3). Suppose 107 = 3*j + 5*v - 116, 12 = -3*v. Let q = o - j. What are the prime factors of q?
2, 5
Let q = 5586 + -278. What are the prime factors of q?
2, 1327
Let y = -7 - -13. Let k(x) = 2*x - 46*x**2 + 21 - 3*x - x + 45*x**2 + 7*x. List the prime factors of k(y).
3, 5
Suppose 0 = 133*l - 1758506 - 186353. List the prime factors of l.
7, 2089
List the prime factors of 2 + 0 + -42 + 37 + (-1 - -13530).
2, 6763
Suppose 3*y - k = 9 + 3, y = -2*k + 11. Suppose -6 = y*g - 16. What are the prime factors of (35 - (-6)/2) + g?
2, 5
Suppose -10 = -3*b - 16. List the prime factors of ((-10)/6 - b) + 10648/33.
17, 19
Let z = 43278 + -26517. List the prime factors of z.
3, 37, 151
Let c = -158 + 160. Suppose c*m - 1889 = a - 4*a, -m + 3*a + 949 = 0. What are the prime factors of m?
2, 11, 43
Suppose -3*g - 127 = 134. Let j be g*1/5 - (-10)/25. Let a = j - -262. What are the prime factors of a?
5, 7
Suppose 57*b = -3*g + 56*b + 7594, 5071 = 2*g - b. List the prime factors of g.
17, 149
Let g(t) = 1528*t**3 + 4*t**2 + 134*t - 275. What are the prime factors of g(2)?
13, 941
Suppose -t + 11 = -5*f - 0*t, 3*t = f + 5. Let o be (0 + -52)*((-6)/6 - 24). List the prime factors of f/9 - o/(-18).
2, 3
Let a = -437 + 630. Let k = 1163 - a. What are the prime factors of k?
2, 5, 97
Suppose 13*f - 23 - 42 = 0. Suppose 4*l - 16 = 0, -5*n - f*l = -0*n - 1850. Suppose -7*a + n = -166. List the prime factors of a.
2, 19
Let h = -13 - -18. Suppose -h*x + 9*u = 8*u - 336, 256 = 4*x - 4*u. List the prime factors of x.
2, 17
Suppose 2*v - 18 = 4*r - 6*r, -15 = -2*r - v. List the prime factors of 47340/10*(0 - -2)/r.
2, 3, 263
Suppose 5*n - 163 = -p, -3*n = -3*p - 108 + 3. List the prime factors of ((-99)/n + 2 + -1)*-501.
2, 3, 167
Let x(m) = -2*m**2 + 30*m - 104. Let h be x(9). Suppose 5*s - 2053 = -4*i, -2*s + 2062 = h*i - 0*s. What are the prime factors of i?
11, 47
Suppose 128359 = -48*b + 342007. List the prime factors of b.
4451
Let u(m) be the second derivative of 8*m**4/3 + m**3/3 - 2*m**2 - 2*m. Let d(p) = -p**2 + 37*p - 230. Let i be d(8). What are the prime factors of u(i)?
2
Let n(g) = -5*g - 25 - 11*g - 5 + g**2. List the prime factors of n(-14).
2, 3, 5, 13
Let q = 184 + -14. Let a = -134 + q. List the prime factors of a.
2, 3
Let t be 0/(3 - 6/3). Suppose t = -w - 19*w + 780. List the prime factors of w.
3, 13
Let n be (-4)/42 + (-3756)/252. List the prime factors of (-3065)/n + (-4)/12.
2, 3, 17
Suppose 2*q - 25122 = -2*a, -62796 = -5*a - 2*q - 2*q. List the prime factors of a.
2, 3, 523
Suppose 96*s - 100*s = -80*s + 304. Let i = 235 - 19. Suppose -5*m - s*b - 9 = -483, 2*m = 5*b + i. List the prime factors of m.
2, 7
Let g = -5 + 8. Suppose f = 3*d - 165, 4*f - g*d + 45 = -570. List the prime factors of (f/(-4))/(